housands digit of 867485?
6
What is the hundreds digit of 132060?
0
What is the hundreds digit of 3046140?
1
What is the ten thousands digit of 135333?
3
What is the hundred thousands digit of 726938?
7
What is the millions digit of 1370379?
1
What is the thousands digit of 2191985?
1
What is the units digit of 5482386?
6
What is the tens digit of 286342?
4
What is the tens digit of 333085?
8
What is the units digit of 130157?
7
What is the ten thousands digit of 1663410?
6
What is the tens digit of 1013869?
6
What is the tens digit of 465135?
3
What is the ten millions digit of 16287048?
1
What is the ten millions digit of 22634788?
2
What is the hundred thousands digit of 1044886?
0
What is the hundreds digit of 8485744?
7
What is the ten thousands digit of 15584146?
8
What is the thousands digit of 658088?
8
What is the thousands digit of 3786329?
6
What is the ten thousands digit of 768069?
6
What is the millions digit of 5596356?
5
What is the millions digit of 4886477?
4
What is the ten thousands digit of 13433893?
3
What is the hundreds digit of 479458?
4
What is the hundred thousands digit of 9816415?
8
What is the ten thousands digit of 601794?
0
What is the units digit of 4090251?
1
What is the hundreds digit of 1289?
2
What is the ten thousands digit of 4433800?
3
What is the hundreds digit of 97608?
6
What is the hundreds digit of 24751152?
1
What is the hundred thousands digit of 2451645?
4
What is the millions digit of 7903362?
7
What is the millions digit of 1380493?
1
What is the hundred thousands digit of 248590?
2
What is the tens digit of 766072?
7
What is the thousands digit of 1924402?
4
What is the units digit of 190980?
0
What is the tens digit of 390640?
4
What is the thousands digit of 119491?
9
What is the hundred thousands digit of 1037885?
0
What is the ten thousands digit of 623286?
2
What is the units digit of 18669?
9
What is the thousands digit of 94047?
4
What is the hundreds digit of 2341056?
0
What is the units digit of 44466?
6
What is the units digit of 18441041?
1
What is the hundreds digit of 356383?
3
What is the ten thousands digit of 1465940?
6
What is the millions digit of 2867494?
2
What is the ten thousands digit of 9553544?
5
What is the units digit of 2551846?
6
What is the units digit of 26448335?
5
What is the hundred thousands digit of 5017505?
0
What is the ten thousands digit of 82397?
8
What is the ten thousands digit of 5294339?
9
What is the ten thousands digit of 3580305?
8
What is the thousands digit of 7770410?
0
What is the tens digit of 418272?
7
What is the units digit of 282650?
0
What is the ten thousands digit of 807193?
0
What is the thousands digit of 466879?
6
What is the hundreds digit of 858511?
5
What is the hundreds digit of 702642?
6
What is the hundred thousands digit of 1832619?
8
What is the ten thousands digit of 592799?
9
What is the thousands digit of 25773354?
3
What is the units digit of 5810968?
8
What is the ten thousands digit of 1221352?
2
What is the tens digit of 1057214?
1
What is the millions digit of 2512318?
2
What is the hundred thousands digit of 281461?
2
What is the millions digit of 2230772?
2
What is the millions digit of 8923432?
8
What is the units digit of 427561?
1
What is the ten millions digit of 15897924?
1
What is the units digit of 8832599?
9
What is the hundreds digit of 378011?
0
What is the units digit of 811380?
0
What is the units digit of 2615257?
7
What is the millions digit of 1795894?
1
What is the millions digit of 13646655?
3
What is the units digit of 16305173?
3
What is the hundred thousands digit of 4967787?
9
What is the hundred thousands digit of 909870?
9
What is the millions digit of 9911623?
9
What is the tens digit of 5139471?
7
What is the hundred thousands digit of 13245461?
2
What is the units digit of 137371?
1
What is the thousands digit of 2956804?
6
What is the hundred thousands digit of 218780?
2
What is the units digit of 11215343?
3
What is the ten thousands digit of 3446671?
4
What is the tens digit of 3105496?
9
What is the units digit of 12889916?
6
What is the hundreds digit of 474679?
6
What is the hundreds digit of 6246350?
3
What is the thousands digit of 8431239?
1
What is the thousands digit of 1735035?
5
What is the tens digit of 19308380?
8
What is the hundreds digit of 1494878?
8
What is the thousands digit of 152173?
2
What is the tens digit of 5425548?
4
What is the ten thousands digit of 3581704?
8
What is the units digit of 949456?
6
What is the units digit of 29115145?
5
What is the tens digit of 155666?
6
What is the thousands digit of 1827206?
7
What is the ten thousands digit of 4519594?
1
What is the units digit of 4728552?
2
What is the hundreds digit of 92861?
8
What is the hundred thousands digit of 2025296?
0
What is the ten thousands digit of 110787?
1
What is the ten thousands digit of 1557383?
5
What is the thousands digit of 7277?
7
What is the hundreds digit of 282456?
4
What is the tens digit of 5602264?
6
What is the hundreds digit of 89810?
8
What is the units digit of 12395957?
7
What is the hundred thousands digit of 4740984?
7
What is the hundred thousands digit of 653746?
6
What is the tens digit of 1720791?
9
What is the units digit of 464653?
3
What is the hundred thousands digit of 3777013?
7
What is the tens digit of 286051?
5
What is the millions digit of 23716683?
3
What is the thousands digit of 897933?
7
What is the thousands digit of 1928250?
8
What is the tens digit of 400099?
9
What is the thousands digit of 588828?
8
What is the millions digit of 2780085?
2
What is the hundred thousands digit of 267440?
2
What is the ten thousands digit of 1184190?
8
What is the thousands digit of 7780482?
0
What is the hundred thousands digit of 416211?
4
What is the millions digit of 3209598?
3
What is the units digit of 280648?
8
What is the thousands digit of 601949?
1
What is the thousands digit of 1032319?
2
What is the millions digit of 2099471?
2
What is the millions digit of 5984601?
5
What is the hundreds digit of 15526504?
5
What is the thousands digit of 411912?
1
What is the hundred thousands digit of 215481?
2
What is the millions digit of 5409719?
5
What is the tens digit of 3937856?
5
What is the ten thousands digit of 297966?
9
What is the units digit of 7611293?
3
What is the ten thousands digit of 86559?
8
What is the tens digit of 1654923?
2
What is the hundreds digit of 1997749?
7
What is the thousands digit of 5624169?
4
What is the ten thousands digit of 376803?
7
What is the hundreds digit of 4884921?
9
What is the hundred thousands digit of 275753?
2
What is the tens digit of 1625077?
7
What is the hundreds digit of 3615153?
1
What is the thousands digit of 2891804?
1
What is the hundred thousands digit of 1120711?
1
What is the hundreds digit of 6218459?
4
What is the hundreds digit of 479099?
0
What is the hundreds digit of 335675?
6
What is the millions digit of 39843070?
9
What is the tens digit of 376723?
2
What is the units digit of 659519?
9
What is the hundred thousands digit of 764880?
7
What is the tens digit of 230156?
5
What is the tens digit of 242216?
1
What is the ten thousands digit of 1173487?
7
What is the thousands digit of 1068590?
8
What is the hundred thousands digit of 254891?
2
What is the tens digit of 826055?
5
What is the millions digit of 7021825?
7
What is the units digit of 87646?
6
What is the ten thousands digit of 95388?
9
What is the hundreds digit of 1353?
3
What is the tens digit of 9886352?
5
What is the tens digit of 4860396?
9
What is the thousands digit of 160240?
0
What is the millions digit of 3298925?
3
What is the millions digit of 16351224?
6
What is the thousands digit of 828548?
8
What is the hundred thousands digit of 23372745?
3
What is the tens digit of 57439?
3
What is the tens digit of 310509?
0
What is the hundreds digit of 55231?
2
What is the tens digit of 20366664?
6
What is the ten thousands digit of 316360?
1
What is the hundreds digit of 31356003?
0
What is the tens digit of 2766823?
2
What is the tens digit of 2568613?
1
What is the thousands digit of 3862944?
2
What is the hundreds digit of 16409418?
4
What is the thousands digit of 5070?
5
What is the tens digit of 4970792?
9
What is the t